{"id":8598,"date":"2022-10-30T16:40:33","date_gmt":"2022-10-30T15:40:33","guid":{"rendered":"https:\/\/www.mt.rub.de\/team_members\/stefanie-dencks\/"},"modified":"2026-04-12T16:47:51","modified_gmt":"2026-04-12T14:47:51","slug":"stefanie-dencks","status":"publish","type":"team_members","link":"https:\/\/www.mt.rub.de\/de\/team_members\/stefanie-dencks\/","title":{"rendered":"Stefanie Dencks"},"content":{"rendered":"","protected":false},"featured_media":3609,"template":"","meta":{"_acf_changed":false,"_et_pb_use_builder":"","_et_pb_old_content":"","_et_gb_content_width":""},"team-member-type":[80],"class_list":["post-8598","team_members","type-team_members","status-publish","has-post-thumbnail","hentry","team-member-type-permanent-scientific-staff"],"acf":[],"yoast_head":"<!-- This site is optimized with the Yoast SEO plugin v27.5 - https:\/\/yoast.com\/product\/yoast-seo-wordpress\/ -->\n<title>Stefanie Dencks - Lehrstuhl f\u00fcr Medizintechnik<\/title>\n<meta name=\"robots\" content=\"index, follow, max-snippet:-1, max-image-preview:large, max-video-preview:-1\" \/>\n<link rel=\"canonical\" href=\"https:\/\/www.mt.rub.de\/de\/team_members\/stefanie-dencks\/\" \/>\n<meta property=\"og:locale\" content=\"de_DE\" \/>\n<meta property=\"og:type\" content=\"article\" \/>\n<meta property=\"og:title\" content=\"Stefanie Dencks - Lehrstuhl f\u00fcr Medizintechnik\" \/>\n<meta property=\"og:site_name\" content=\"Lehrstuhl f\u00fcr Medizintechnik\" \/>\n<meta property=\"article:modified_time\" content=\"2026-04-12T14:47:51+00:00\" \/>\n<meta property=\"og:image\" content=\"https:\/\/www.mt.rub.de\/wp-content\/uploads\/mitarbeiter\/stefanie-dencks.jpg\" \/>\n\t<meta property=\"og:image:width\" content=\"1080\" \/>\n\t<meta property=\"og:image:height\" content=\"720\" \/>\n\t<meta property=\"og:image:type\" content=\"image\/jpeg\" \/>\n<meta name=\"twitter:card\" content=\"summary_large_image\" \/>\n<script type=\"application\/ld+json\" class=\"yoast-schema-graph\">{\"@context\":\"https:\\\/\\\/schema.org\",\"@graph\":[{\"@type\":\"WebPage\",\"@id\":\"https:\\\/\\\/www.mt.rub.de\\\/de\\\/team_members\\\/stefanie-dencks\\\/\",\"url\":\"https:\\\/\\\/www.mt.rub.de\\\/de\\\/team_members\\\/stefanie-dencks\\\/\",\"name\":\"Stefanie Dencks - Lehrstuhl f\u00fcr Medizintechnik\",\"isPartOf\":{\"@id\":\"\\\/#website\"},\"primaryImageOfPage\":{\"@id\":\"https:\\\/\\\/www.mt.rub.de\\\/de\\\/team_members\\\/stefanie-dencks\\\/#primaryimage\"},\"image\":{\"@id\":\"https:\\\/\\\/www.mt.rub.de\\\/de\\\/team_members\\\/stefanie-dencks\\\/#primaryimage\"},\"thumbnailUrl\":\"https:\\\/\\\/www.mt.rub.de\\\/wp-content\\\/uploads\\\/mitarbeiter\\\/stefanie-dencks.jpg\",\"datePublished\":\"2022-10-30T15:40:33+00:00\",\"dateModified\":\"2026-04-12T14:47:51+00:00\",\"breadcrumb\":{\"@id\":\"https:\\\/\\\/www.mt.rub.de\\\/de\\\/team_members\\\/stefanie-dencks\\\/#breadcrumb\"},\"inLanguage\":\"de\",\"potentialAction\":[{\"@type\":\"ReadAction\",\"target\":[\"https:\\\/\\\/www.mt.rub.de\\\/de\\\/team_members\\\/stefanie-dencks\\\/\"]}]},{\"@type\":\"ImageObject\",\"inLanguage\":\"de\",\"@id\":\"https:\\\/\\\/www.mt.rub.de\\\/de\\\/team_members\\\/stefanie-dencks\\\/#primaryimage\",\"url\":\"https:\\\/\\\/www.mt.rub.de\\\/wp-content\\\/uploads\\\/mitarbeiter\\\/stefanie-dencks.jpg\",\"contentUrl\":\"https:\\\/\\\/www.mt.rub.de\\\/wp-content\\\/uploads\\\/mitarbeiter\\\/stefanie-dencks.jpg\",\"width\":1080,\"height\":720},{\"@type\":\"BreadcrumbList\",\"@id\":\"https:\\\/\\\/www.mt.rub.de\\\/de\\\/team_members\\\/stefanie-dencks\\\/#breadcrumb\",\"itemListElement\":[{\"@type\":\"ListItem\",\"position\":1,\"name\":\"Home\",\"item\":\"https:\\\/\\\/www.mt.rub.de\\\/de\\\/643-2\\\/\"},{\"@type\":\"ListItem\",\"position\":2,\"name\":\"Stefanie Dencks\"}]},{\"@type\":\"WebSite\",\"@id\":\"\\\/#website\",\"url\":\"\\\/\",\"name\":\"Lehrstuhl f\u00fcr Medizintechnik\",\"description\":\"Die Internetpr\u00e4senz des Lehrstuhls f\u00fcr Medizintechnik\",\"publisher\":{\"@id\":\"\\\/#organization\"},\"potentialAction\":[{\"@type\":\"SearchAction\",\"target\":{\"@type\":\"EntryPoint\",\"urlTemplate\":\"\\\/?s={search_term_string}\"},\"query-input\":{\"@type\":\"PropertyValueSpecification\",\"valueRequired\":true,\"valueName\":\"search_term_string\"}}],\"inLanguage\":\"de\"},{\"@type\":\"Organization\",\"@id\":\"\\\/#organization\",\"name\":\"Chair for Medical Engineering\",\"url\":\"\\\/\",\"logo\":{\"@type\":\"ImageObject\",\"inLanguage\":\"de\",\"@id\":\"\\\/#\\\/schema\\\/logo\\\/image\\\/\",\"url\":\"https:\\\/\\\/www.mt.rub.de\\\/wp-content\\\/uploads\\\/logos\\\/cropped-logo_mt.png\",\"contentUrl\":\"https:\\\/\\\/www.mt.rub.de\\\/wp-content\\\/uploads\\\/logos\\\/cropped-logo_mt.png\",\"width\":512,\"height\":512,\"caption\":\"Chair for Medical Engineering\"},\"image\":{\"@id\":\"\\\/#\\\/schema\\\/logo\\\/image\\\/\"}}]}<\/script>\n<!-- \/ Yoast SEO plugin. -->","yoast_head_json":{"title":"Stefanie Dencks - Lehrstuhl f\u00fcr Medizintechnik","robots":{"index":"index","follow":"follow","max-snippet":"max-snippet:-1","max-image-preview":"max-image-preview:large","max-video-preview":"max-video-preview:-1"},"canonical":"https:\/\/www.mt.rub.de\/de\/team_members\/stefanie-dencks\/","og_locale":"de_DE","og_type":"article","og_title":"Stefanie Dencks - Lehrstuhl f\u00fcr Medizintechnik","og_site_name":"Lehrstuhl f\u00fcr Medizintechnik","article_modified_time":"2026-04-12T14:47:51+00:00","og_image":[{"width":1080,"height":720,"url":"https:\/\/www.mt.rub.de\/wp-content\/uploads\/mitarbeiter\/stefanie-dencks.jpg","type":"image\/jpeg"}],"twitter_card":"summary_large_image","schema":{"@context":"https:\/\/schema.org","@graph":[{"@type":"WebPage","@id":"https:\/\/www.mt.rub.de\/de\/team_members\/stefanie-dencks\/","url":"https:\/\/www.mt.rub.de\/de\/team_members\/stefanie-dencks\/","name":"Stefanie Dencks - Lehrstuhl f\u00fcr Medizintechnik","isPartOf":{"@id":"\/#website"},"primaryImageOfPage":{"@id":"https:\/\/www.mt.rub.de\/de\/team_members\/stefanie-dencks\/#primaryimage"},"image":{"@id":"https:\/\/www.mt.rub.de\/de\/team_members\/stefanie-dencks\/#primaryimage"},"thumbnailUrl":"https:\/\/www.mt.rub.de\/wp-content\/uploads\/mitarbeiter\/stefanie-dencks.jpg","datePublished":"2022-10-30T15:40:33+00:00","dateModified":"2026-04-12T14:47:51+00:00","breadcrumb":{"@id":"https:\/\/www.mt.rub.de\/de\/team_members\/stefanie-dencks\/#breadcrumb"},"inLanguage":"de","potentialAction":[{"@type":"ReadAction","target":["https:\/\/www.mt.rub.de\/de\/team_members\/stefanie-dencks\/"]}]},{"@type":"ImageObject","inLanguage":"de","@id":"https:\/\/www.mt.rub.de\/de\/team_members\/stefanie-dencks\/#primaryimage","url":"https:\/\/www.mt.rub.de\/wp-content\/uploads\/mitarbeiter\/stefanie-dencks.jpg","contentUrl":"https:\/\/www.mt.rub.de\/wp-content\/uploads\/mitarbeiter\/stefanie-dencks.jpg","width":1080,"height":720},{"@type":"BreadcrumbList","@id":"https:\/\/www.mt.rub.de\/de\/team_members\/stefanie-dencks\/#breadcrumb","itemListElement":[{"@type":"ListItem","position":1,"name":"Home","item":"https:\/\/www.mt.rub.de\/de\/643-2\/"},{"@type":"ListItem","position":2,"name":"Stefanie Dencks"}]},{"@type":"WebSite","@id":"\/#website","url":"\/","name":"Lehrstuhl f\u00fcr Medizintechnik","description":"Die Internetpr\u00e4senz des Lehrstuhls f\u00fcr Medizintechnik","publisher":{"@id":"\/#organization"},"potentialAction":[{"@type":"SearchAction","target":{"@type":"EntryPoint","urlTemplate":"\/?s={search_term_string}"},"query-input":{"@type":"PropertyValueSpecification","valueRequired":true,"valueName":"search_term_string"}}],"inLanguage":"de"},{"@type":"Organization","@id":"\/#organization","name":"Chair for Medical Engineering","url":"\/","logo":{"@type":"ImageObject","inLanguage":"de","@id":"\/#\/schema\/logo\/image\/","url":"https:\/\/www.mt.rub.de\/wp-content\/uploads\/logos\/cropped-logo_mt.png","contentUrl":"https:\/\/www.mt.rub.de\/wp-content\/uploads\/logos\/cropped-logo_mt.png","width":512,"height":512,"caption":"Chair for Medical Engineering"},"image":{"@id":"\/#\/schema\/logo\/image\/"}}]}},"_links":{"self":[{"href":"https:\/\/www.mt.rub.de\/de\/wp-json\/wp\/v2\/team_members\/8598","targetHints":{"allow":["GET"]}}],"collection":[{"href":"https:\/\/www.mt.rub.de\/de\/wp-json\/wp\/v2\/team_members"}],"about":[{"href":"https:\/\/www.mt.rub.de\/de\/wp-json\/wp\/v2\/types\/team_members"}],"wp:featuredmedia":[{"embeddable":true,"href":"https:\/\/www.mt.rub.de\/de\/wp-json\/wp\/v2\/media\/3609"}],"wp:attachment":[{"href":"https:\/\/www.mt.rub.de\/de\/wp-json\/wp\/v2\/media?parent=8598"}],"wp:term":[{"taxonomy":"team-member-type","embeddable":true,"href":"https:\/\/www.mt.rub.de\/de\/wp-json\/wp\/v2\/team-member-type?post=8598"}],"curies":[{"name":"wp","href":"https:\/\/api.w.org\/{rel}","templated":true}]}}

<!-- This site is optimized with the Yoast SEO plugin v27.5 - https://yoast.com/product/yoast-seo-wordpress/ -->
<title>Stefanie Dencks - Lehrstuhl für Medizintechnik</title>
<meta name="robots" content="index, follow, max-snippet:-1, max-image-preview:large, max-video-preview:-1" />
<link rel="canonical" href="https://www.mt.rub.de/de/team_members/stefanie-dencks/" />
<meta property="og:locale" content="de_DE" />
<meta property="og:type" content="article" />
<meta property="og:title" content="Stefanie Dencks - Lehrstuhl für Medizintechnik" />
<meta property="og:site_name" content="Lehrstuhl für Medizintechnik" />
<meta property="article:modified_time" content="2026-04-12T14:47:51+00:00" />
<meta property="og:image" content="https://www.mt.rub.de/wp-content/uploads/mitarbeiter/stefanie-dencks.jpg" />
	<meta property="og:image:width" content="1080" />
	<meta property="og:image:height" content="720" />
	<meta property="og:image:type" content="image/jpeg" />
<meta name="twitter:card" content="summary_large_image" />
<script type="application/ld+json" class="yoast-schema-graph">{"@context":"https:\/\/schema.org","@graph":[{"@type":"WebPage","@id":"https:\/\/www.mt.rub.de\/de\/team_members\/stefanie-dencks\/","url":"https:\/\/www.mt.rub.de\/de\/team_members\/stefanie-dencks\/","name":"Stefanie Dencks - Lehrstuhl für Medizintechnik","isPartOf":{"@id":"\/#website"},"primaryImageOfPage":{"@id":"https:\/\/www.mt.rub.de\/de\/team_members\/stefanie-dencks\/#primaryimage"},"image":{"@id":"https:\/\/www.mt.rub.de\/de\/team_members\/stefanie-dencks\/#primaryimage"},"thumbnailUrl":"https:\/\/www.mt.rub.de\/wp-content\/uploads\/mitarbeiter\/stefanie-dencks.jpg","datePublished":"2022-10-30T15:40:33+00:00","dateModified":"2026-04-12T14:47:51+00:00","breadcrumb":{"@id":"https:\/\/www.mt.rub.de\/de\/team_members\/stefanie-dencks\/#breadcrumb"},"inLanguage":"de","potentialAction":[{"@type":"ReadAction","target":["https:\/\/www.mt.rub.de\/de\/team_members\/stefanie-dencks\/"]}]},{"@type":"ImageObject","inLanguage":"de","@id":"https:\/\/www.mt.rub.de\/de\/team_members\/stefanie-dencks\/#primaryimage","url":"https:\/\/www.mt.rub.de\/wp-content\/uploads\/mitarbeiter\/stefanie-dencks.jpg","contentUrl":"https:\/\/www.mt.rub.de\/wp-content\/uploads\/mitarbeiter\/stefanie-dencks.jpg","width":1080,"height":720},{"@type":"BreadcrumbList","@id":"https:\/\/www.mt.rub.de\/de\/team_members\/stefanie-dencks\/#breadcrumb","itemListElement":[{"@type":"ListItem","position":1,"name":"Home","item":"https:\/\/www.mt.rub.de\/de\/643-2\/"},{"@type":"ListItem","position":2,"name":"Stefanie Dencks"}]},{"@type":"WebSite","@id":"\/#website","url":"\/","name":"Lehrstuhl für Medizintechnik","description":"Die Internetpräsenz des Lehrstuhls für Medizintechnik","publisher":{"@id":"\/#organization"},"potentialAction":[{"@type":"SearchAction","target":{"@type":"EntryPoint","urlTemplate":"\/?s={search_term_string}"},"query-input":{"@type":"PropertyValueSpecification","valueRequired":true,"valueName":"search_term_string"}}],"inLanguage":"de"},{"@type":"Organization","@id":"\/#organization","name":"Chair for Medical Engineering","url":"\/","logo":{"@type":"ImageObject","inLanguage":"de","@id":"\/#\/schema\/logo\/image\/","url":"https:\/\/www.mt.rub.de\/wp-content\/uploads\/logos\/cropped-logo_mt.png","contentUrl":"https:\/\/www.mt.rub.de\/wp-content\/uploads\/logos\/cropped-logo_mt.png","width":512,"height":512,"caption":"Chair for Medical Engineering"},"image":{"@id":"\/#\/schema\/logo\/image\/"}}]}</script>
<!-- / Yoast SEO plugin. -->

Stefanie Dencks - Lehrstuhl für Medizintechnik

Lehrstuhl für Medizintechnik

Die Internetpräsenz des Lehrstuhls für Medizintechnik
